sor of o and s?
7
Suppose -5*l = -4*j - 13211 + 590, l - 2511 = 3*j. Calculate the highest common divisor of 45 and l.
9
Suppose 0 = -4*w + 5*r + 793, -w - 4*r - r + 167 = 0. Calculate the greatest common factor of w and 240.
48
Let b be ((-456)/84 + 8/(-14))/((-1)/49). Calculate the highest common factor of b and 48.
6
Suppose -4324*z + 4354*z = 750. What is the highest common factor of z and 1695?
5
Suppose -i - 44 = -54. Let n be 105/i + (-3)/(-12)*2. Calculate the highest common divisor of n and 77.
11
Suppose -5*n + n - 300 = 0. Let b = -5488 + 5583. Let l = b + n. What is the greatest common factor of 5 and l?
5
Suppose 0 = 3*g - 10*i + 6*i - 1922, -5*g = -4*i - 3214. What is the highest common factor of g and 3078?
38
Let l(v) = -v + 10. Let a be l(-9). Suppose 0 = 2*g + 3*c - 880, 2*g - 257 - 615 = c. What is the greatest common divisor of a and g?
19
Suppose 5*l - 25 = 0, -3*w + 30 = -l - 10. Let o = 3069 - 1314. Suppose 3*k = -6*k + o. What is the highest common divisor of w and k?
15
Let l(h) = -10*h + 40. Let i be l(3). Let q be i + 3*-2*(-3)/9. What is the highest common factor of 114 and q?
6
Let t = -12 - -11. Let v be (t/3)/((-3)/18). Suppose 5*x - 190 = -v*k, -3*x + 126 = 3*k + 3. What is the highest common factor of x and 9?
9
Let g = 30820 - 30637. What is the highest common divisor of 5063 and g?
61
Let a be (1694/35)/(3/15). What is the greatest common divisor of 6171 and a?
121
Let k(h) = -104*h - 4047. Let r be k(-40). Suppose 4*x + 3*d + 335 = 0, -3*d - 15 = -0*d. Let o = x + r. What is the greatest common divisor of 3 and o?
3
Let s(g) = -153*g + 1232. Let v be s(8). Suppose 3*k - 3*o - 21 = 0, 4*o - 10 = k - 29. Let t be 1*6/k + 22. What is the greatest common divisor of t and v?
8
Let w(s) = s**2 - 18*s - 803. Let a be w(39). Calculate the highest common divisor of 88 and a.
8
Let o = -80 + 79. Let t be (-1)/(o - 0) - -4. Suppose 504 = -p + t*p. What is the highest common divisor of p and 14?
14
Suppose -24004 = 12*m - 29*m. Let r = m + -576. Calculate the greatest common factor of r and 44.
44
Let h(c) = 4*c + 5*c - 18*c + 4*c + 27. Let v be h(4). What is the highest common factor of 7 and v?
7
Suppose 0 = -9*c + 27*c - 774. Let b(j) = 31*j**2 + 12*j + 25. Let h be b(-4). Calculate the greatest common factor of c and h.
43
Let g(k) = 40*k**2 - 10*k - 25. Let p(b) = -9*b - 110. Let s be p(-12). Let h be g(s). Calculate the highest common divisor of 93 and h.
31
Suppose 18*c - 52 = 20. Suppose -4*p - c = 0, 2*p - 3 = d - 29. Calculate the greatest common divisor of d and 48.
24
Let l = 239 - 195. Suppose 2*h + 5*d - 7 = 0, d = -2*h + 7 + 4. Let s = h + 5. Calculate the highest common factor of s and l.
11
Let m be -5*4/6*(-897)/46. Let k = 95 - m. Calculate the highest common divisor of 20 and k.
10
Suppose -16*g = -485 + 133. Suppose g*s - 15*s - 441 = 0. What is the highest common factor of 105 and s?
21
Suppose 2*j - 28 = -3*x + 4*j, 0 = 3*x + j - 22. Suppose x*i = 10*i - 8. Let m be 18/4 - (-2)/(-4). What is the greatest common divisor of i and m?
4
Let s = -37408 - -37548. What is the greatest common divisor of 5530 and s?
70
Let y be (4 - 2575) + -2 + -1. Let f be y/(-36) - (-14)/(-4). What is the highest common divisor of 85 and f?
17
Let w(k) = -18*k - 595 - 9*k + 210 - 6*k. Let y be w(-17). Calculate the greatest common factor of y and 48.
16
Let b(u) be the third derivative of u**5/60 + u**4/24 - 13*u**3/6 - 12*u**2 + u. Let i be b(-5). What is the greatest common factor of 259 and i?
7
Let d(u) = u**3 - 7*u**2 - 22*u + 34. Let v be d(7). Let i be (-21570)/v + 2/8. Calculate the greatest common divisor of 40 and i.
20
Let d be 843*((-20)/12 + 2). Let r = 293 - d. What is the greatest common factor of 32 and r?
4
Let c be 49/2*(-160)/(-56). Let a = -68 + c. Suppose z - 320 - 4 = -2*b, 663 = a*z - b. Calculate the highest common divisor of z and 30.
30
Suppose -21*f = -56*f + 21*f + 4312. Calculate the greatest common divisor of 198 and f.
22
Let u(k) = 9*k**2 - 1. Let l be u(2). Suppose -a - 7 = -2*w - 112, a + w = 117. Let z = a - 43. What is the greatest common divisor of l and z?
35
Suppose -521 = -f - 2*z, 4*z = 13*f - 16*f + 1555. What is the highest common divisor of 189 and f?
27
Let d = 9010 - 8430. Calculate the highest common factor of d and 200.
20
Let n = -4741 + 4804. Calculate the highest common divisor of n and 36.
9
Let f(r) = 2*r + 9. Let l be f(-7). Let s = l - -24. Let a(b) = -b**2 + 16*b - 1. Let m be a(13). Calculate the greatest common factor of s and m.
19
Let w be (-43278)/90*-18 + (85/25 - 3). Calculate the highest common divisor of 48 and w.
16
Let o = -13135 + 13150. Calculate the greatest common divisor of o and 237.
3
Suppose -3*d + 22 = 8*d. Let x(j) = 4*j**3 - 3*j**2 - 2*j + 4. Let s be x(d). Let w = -48 - -53. What is the highest common divisor of w and s?
5
Let i be (38/11 - (-396)/726)*(-1)/(-2). Calculate the highest common factor of 1203 and i.
1
Suppose -5*j + 46*j + 2875 = 66*j. Calculate the greatest common factor of j and 12305.
115
Let n be 1 - -2*(-54)/(-4). Let b(a) = -9*a**2 + 49*a - 48*a + 209*a**2 - 3. Let r be b(-1). Calculate the highest common factor of n and r.
28
Let r be 128/2*6/6. Let s = 129 + -127. Suppose -33 = -3*u - w - 2*w, 5*u + s*w - r = 0. What is the greatest common factor of 14 and u?
14
Suppose -14 = -4*d + 26. Suppose 1104 = -4*f + d*f. Let l = -56 - -79. What is the highest common divisor of l and f?
23
Let z be (0*3/6)/(7 - 9). Suppose 14*d = -z*d + 4004. Calculate the greatest common divisor of 11 and d.
11
Suppose 0 = 5*x - 5*v - 190, -1244 + 1249 = 5*v. What is the highest common divisor of x and 416?
13
Let j(o) = -o**3 - 10*o**2 - o + 6. Let k be (-846)/90 - (-3)/(-5). Let c be j(k). What is the highest common divisor of 208 and c?
16
Let y = 38 + -42. Let d be 2 - (-3 - y) - 2 - 0. Let w be (-710)/(-14) + d + 52/182. What is the greatest common factor of 25 and w?
25
Let d = 232 + -65. Suppose -d = -3*y - 4*w - w, -y + 49 = 3*w. What is the highest common factor of 80 and y?
16
Let z be (1551 - (-88)/11) + (10/2 - -2). What is the highest common divisor of 290 and z?
58
Let j = 3821 - 3596. Calculate the highest common factor of 1725 and j.
75
Let n = 650 - 353. Let u = 243 + 177. Let h = u - n. What is the greatest common divisor of 41 and h?
41
Suppose -4*q = -10*m + 8*m - 136, m = -4*q + 136. Let c be ((-9)/(81/(-2346)))/((-1)/(-3)). What is the highest common factor of q and c?
34
Suppose -10*w + 18 = -4*w. Suppose 6*k + k = w*k. Suppose k*r = 5*r + 5*n - 1335, 5*n + 513 = 2*r. What is the highest common factor of r and 24?
24
Let h(b) = 3*b**2 - 13*b + 6. Let n be h(9). Suppose -3*p + n = -225. Let k = -7866 - -7883. Calculate the greatest common divisor of p and k.
17
Suppose -201*n = -217*n + 12544. What is the greatest common factor of n and 98?
98
Let w = -262339 - -262405. Let y be 4/(-10) + 24/10. Let p = y - -4. What is the greatest common factor of w and p?
6
Let x(n) = -n**2 + 4*n + 4. Let b be x(2). Let a be 3/b + 61686/368. Calculate the greatest common divisor of a and 16.
8
Let g(v) = v**2 + 10*v + 20. Let i be g(-8). Let b(n) = 13*n - 3 + 12 - i*n + 10. Let w be b(4). What is the highest common divisor of w and 11?
11
Suppose 10 = 6*g - g, 0 = -a + g + 4758. What is the greatest common factor of a and 5?
5
Let p be 1/((-21)/(-12903)) + -10 + (-8)/(-14). What is the greatest common divisor of 550 and p?
55
Let z be 2006 + (261/(-54) - 42/36). What is the greatest common divisor of 112 and z?
16
Let s be (0 - 0)/4 - -2. Suppose -3*k = -m - 83, 0*k + 59 = s*k + 3*m. Calculate the highest common factor of 126 and k.
14
Suppose -2 = t + 2, -c + t = 14. Let k(n) = -9*n - 91. Let y be k(c). Calculate the greatest common divisor of y and 284.
71
Suppose 24*p - 36 = 132. Let t(q) = 2*q**3 - 15*q**2 + 11*q - 13. Let n be t(p). What is the highest common divisor of n and 9?
3
Let j(v) be the first derivative of 9*v**2/2 + 9*v + 1. Let i be j(5). Suppose -42 = 23*k - 180. What is the greatest common factor of i and k?
6
Let t = -268 + 376. Let o(c) = 2*c**2 + 4*c + 6. Let h be o(-7). Suppose -4*l + u = -h, -3*l + 23 + 27 = u. What is the greatest common factor of t and l?
18
Let v = 256 - 252. Suppose -2*j + 2*d + 1 = -9, -3